{"id":109,"date":"2013-06-04T20:42:59","date_gmt":"2013-06-04T18:42:59","guid":{"rendered":"http:\/\/musikaefer.kevas.at\/?page_id=109"},"modified":"2025-04-03T14:53:18","modified_gmt":"2025-04-03T12:53:18","slug":"uber-uns","status":"publish","type":"page","link":"https:\/\/musikaefer.kevas.at\/?page_id=109","title":{"rendered":""},"content":{"rendered":"<h2><b><span data-contrast=\"auto\">Wer wir sind und was wir tun<\/span><\/b><\/h2>\n<p><span data-contrast=\"auto\">Die Kinderkrippe MusiK\u00e4fer ist eine private, aus einem Elternverein entstandene Kinderkrippe und Mitglied im Dachverband f\u00fcr selbstorganisierte Kindergruppen Tirol.<\/span><span data-ccp-props=\"{&quot;134233117&quot;:false,&quot;134233118&quot;:false,&quot;201341983&quot;:0,&quot;335551550&quot;:6,&quot;335551620&quot;:6,&quot;335559738&quot;:0,&quot;335559739&quot;:120,&quot;335559740&quot;:240}\">\u00a0<\/span><\/p>\n<p><span data-contrast=\"auto\">Unser Verein wird von einem ehrenamtlichen Vorstand geleitet, der von den Eltern in der Generalversammlung gew\u00e4hlt wird. Das Betreuungsteam unter der Leitung von Elisabeth Natz ist beim Verein angestellt.<\/span><span data-ccp-props=\"{&quot;134233117&quot;:false,&quot;134233118&quot;:false,&quot;201341983&quot;:0,&quot;335551550&quot;:6,&quot;335551620&quot;:6,&quot;335559685&quot;:0,&quot;335559737&quot;:0,&quot;335559738&quot;:0,&quot;335559739&quot;:120,&quot;335559740&quot;:240}\">\u00a0<\/span><\/p>\n<p><span data-contrast=\"auto\">Da viele Vorstandsmitglieder und Betreuer:innen selbst Eltern sind, kennen wir die Bed\u00fcrfnisse von Familien aus erster Hand. Diese enge Erziehungspartnerschaft bildet die Grundlage f\u00fcr eine vertrauensvolle Zusammenarbeit und ein liebevolles Umfeld f\u00fcr die Kinder.<\/span><span data-ccp-props=\"{&quot;134233117&quot;:false,&quot;134233118&quot;:false,&quot;201341983&quot;:0,&quot;335551550&quot;:6,&quot;335551620&quot;:6,&quot;335559738&quot;:0,&quot;335559739&quot;:120,&quot;335559740&quot;:240}\">\u00a0<\/span><\/p>\n<p><span data-contrast=\"auto\">Als familienerg\u00e4nzende Einrichtung bieten wir jedem Kind eine sichere und geborgene Basis. Wir begleiten es in seiner Entwicklung, stets orientiert an seinen individuellen Bed\u00fcrfnissen und Interessen.<\/span><span data-ccp-props=\"{&quot;134233117&quot;:false,&quot;134233118&quot;:false,&quot;201341983&quot;:0,&quot;335551550&quot;:6,&quot;335551620&quot;:6,&quot;335559738&quot;:0,&quot;335559739&quot;:120,&quot;335559740&quot;:240}\">\u00a0<\/span><\/p>\n<p><span data-contrast=\"auto\">Die Vereinsmitgliedschaft und der Betreuungsvertrag sind f\u00fcr ein Krippenjahr bindend, um die langfristige Planung und den Fortbestand der Krippe zu sichern. Unsere Hauptfinanzierung stammt aus F\u00f6rdermitteln der Stadt Innsbruck und des Landes Tirol, erg\u00e4nzt durch Elternbeitr\u00e4ge.<\/span><span data-ccp-props=\"{&quot;134233117&quot;:false,&quot;134233118&quot;:false,&quot;201341983&quot;:0,&quot;335551550&quot;:6,&quot;335551620&quot;:6,&quot;335559738&quot;:0,&quot;335559739&quot;:120,&quot;335559740&quot;:240}\">\u00a0<\/span><\/p>\n<h2><b><span data-contrast=\"auto\">Elternmitarbeit \u2013 Jedes Talent ist willkommen!\u00a0<\/span><\/b><\/h2>\n<p><span data-contrast=\"auto\">Damit unsere Krippe mit vergleichsweise niedrigen Beitr\u00e4gen bestehen kann, ist die Mithilfe der Eltern entscheidend. Ob kleine Reparaturen, Malerarbeiten, Verhandlungen, IT-Know-how, Druckkontakte oder kreative Unterst\u00fctzung \u2013 jede F\u00e4higkeit ist willkommen!<\/span><span data-ccp-props=\"{&quot;134233117&quot;:false,&quot;134233118&quot;:false,&quot;201341983&quot;:0,&quot;335551550&quot;:6,&quot;335551620&quot;:6,&quot;335559738&quot;:0,&quot;335559739&quot;:120,&quot;335559740&quot;:240}\">\u00a0<\/span><\/p>\n<p><b><span data-contrast=\"auto\">Diese aktive Elternbeteiligung st\u00e4rkt nicht nur den Verein, sondern auch das Gemeinschaftsgef\u00fchl.<\/span><\/b><span data-contrast=\"auto\"> Die Kinder erleben, wie ihre Eltern Teil der Krippe sind \u2013 ein sch\u00f6nes Miteinander, das unsere MusiK\u00e4fer besonders macht.\u00a0<\/span><span data-ccp-props=\"{&quot;134233117&quot;:false,&quot;134233118&quot;:false,&quot;201341983&quot;:0,&quot;335551550&quot;:6,&quot;335551620&quot;:6,&quot;335559738&quot;:0,&quot;335559739&quot;:120,&quot;335559740&quot;:240}\">\u00a0<\/span><\/p>\n","protected":false},"excerpt":{"rendered":"<p>Wer wir sind und was wir tun Die Kinderkrippe MusiK\u00e4fer ist eine private, aus einem Elternverein entstandene Kinderkrippe und Mitglied im Dachverband f\u00fcr selbstorganisierte Kindergruppen Tirol.\u00a0 Unser Verein wird von einem ehrenamtlichen Vorstand geleitet, der von den Eltern in der &hellip; <a href=\"https:\/\/musikaefer.kevas.at\/?page_id=109\">Weiterlesen <span class=\"meta-nav\">&rarr;<\/span><\/a><\/p>\n","protected":false},"author":11,"featured_media":134,"parent":0,"menu_order":0,"comment_status":"closed","ping_status":"closed","template":"","meta":{"footnotes":""},"class_list":["post-109","page","type-page","status-publish","has-post-thumbnail","hentry"],"_links":{"self":[{"href":"https:\/\/musikaefer.kevas.at\/index.php?rest_route=\/wp\/v2\/pages\/109"}],"collection":[{"href":"https:\/\/musikaefer.kevas.at\/index.php?rest_route=\/wp\/v2\/pages"}],"about":[{"href":"https:\/\/musikaefer.kevas.at\/index.php?rest_route=\/wp\/v2\/types\/page"}],"author":[{"embeddable":true,"href":"https:\/\/musikaefer.kevas.at\/index.php?rest_route=\/wp\/v2\/users\/11"}],"replies":[{"embeddable":true,"href":"https:\/\/musikaefer.kevas.at\/index.php?rest_route=%2Fwp%2Fv2%2Fcomments&post=109"}],"version-history":[{"count":17,"href":"https:\/\/musikaefer.kevas.at\/index.php?rest_route=\/wp\/v2\/pages\/109\/revisions"}],"predecessor-version":[{"id":2059,"href":"https:\/\/musikaefer.kevas.at\/index.php?rest_route=\/wp\/v2\/pages\/109\/revisions\/2059"}],"wp:featuredmedia":[{"embeddable":true,"href":"https:\/\/musikaefer.kevas.at\/index.php?rest_route=\/wp\/v2\/media\/134"}],"wp:attachment":[{"href":"https:\/\/musikaefer.kevas.at\/index.php?rest_route=%2Fwp%2Fv2%2Fmedia&parent=109"}],"curies":[{"name":"wp","href":"https:\/\/api.w.org\/{rel}","templated":true}]}}

<h2><b><span data-contrast="auto">Wer wir sind und was wir tun</span></b></h2>
<p><span data-contrast="auto">Die Kinderkrippe MusiKäfer ist eine private, aus einem Elternverein entstandene Kinderkrippe und Mitglied im Dachverband für selbstorganisierte Kindergruppen Tirol.</span><span data-ccp-props="{&quot;134233117&quot;:false,&quot;134233118&quot;:false,&quot;201341983&quot;:0,&quot;335551550&quot;:6,&quot;335551620&quot;:6,&quot;335559738&quot;:0,&quot;335559739&quot;:120,&quot;335559740&quot;:240}"> </span></p>
<p><span data-contrast="auto">Unser Verein wird von einem ehrenamtlichen Vorstand geleitet, der von den Eltern in der Generalversammlung gewählt wird. Das Betreuungsteam unter der Leitung von Elisabeth Natz ist beim Verein angestellt.</span><span data-ccp-props="{&quot;134233117&quot;:false,&quot;134233118&quot;:false,&quot;201341983&quot;:0,&quot;335551550&quot;:6,&quot;335551620&quot;:6,&quot;335559685&quot;:0,&quot;335559737&quot;:0,&quot;335559738&quot;:0,&quot;335559739&quot;:120,&quot;335559740&quot;:240}"> </span></p>
<p><span data-contrast="auto">Da viele Vorstandsmitglieder und Betreuer:innen selbst Eltern sind, kennen wir die Bedürfnisse von Familien aus erster Hand. Diese enge Erziehungspartnerschaft bildet die Grundlage für eine vertrauensvolle Zusammenarbeit und ein liebevolles Umfeld für die Kinder.</span><span data-ccp-props="{&quot;134233117&quot;:false,&quot;134233118&quot;:false,&quot;201341983&quot;:0,&quot;335551550&quot;:6,&quot;335551620&quot;:6,&quot;335559738&quot;:0,&quot;335559739&quot;:120,&quot;335559740&quot;:240}"> </span></p>
<p><span data-contrast="auto">Als familienergänzende Einrichtung bieten wir jedem Kind eine sichere und geborgene Basis. Wir begleiten es in seiner Entwicklung, stets orientiert an seinen individuellen Bedürfnissen und Interessen.</span><span data-ccp-props="{&quot;134233117&quot;:false,&quot;134233118&quot;:false,&quot;201341983&quot;:0,&quot;335551550&quot;:6,&quot;335551620&quot;:6,&quot;335559738&quot;:0,&quot;335559739&quot;:120,&quot;335559740&quot;:240}"> </span></p>
<p><span data-contrast="auto">Die Vereinsmitgliedschaft und der Betreuungsvertrag sind für ein Krippenjahr bindend, um die langfristige Planung und den Fortbestand der Krippe zu sichern. Unsere Hauptfinanzierung stammt aus Fördermitteln der Stadt Innsbruck und des Landes Tirol, ergänzt durch Elternbeiträge.</span><span data-ccp-props="{&quot;134233117&quot;:false,&quot;134233118&quot;:false,&quot;201341983&quot;:0,&quot;335551550&quot;:6,&quot;335551620&quot;:6,&quot;335559738&quot;:0,&quot;335559739&quot;:120,&quot;335559740&quot;:240}"> </span></p>
<h2><b><span data-contrast="auto">Elternmitarbeit – Jedes Talent ist willkommen! </span></b></h2>
<p><span data-contrast="auto">Damit unsere Krippe mit vergleichsweise niedrigen Beiträgen bestehen kann, ist die Mithilfe der Eltern entscheidend. Ob kleine Reparaturen, Malerarbeiten, Verhandlungen, IT-Know-how, Druckkontakte oder kreative Unterstützung – jede Fähigkeit ist willkommen!</span><span data-ccp-props="{&quot;134233117&quot;:false,&quot;134233118&quot;:false,&quot;201341983&quot;:0,&quot;335551550&quot;:6,&quot;335551620&quot;:6,&quot;335559738&quot;:0,&quot;335559739&quot;:120,&quot;335559740&quot;:240}"> </span></p>
<p><b><span data-contrast="auto">Diese aktive Elternbeteiligung stärkt nicht nur den Verein, sondern auch das Gemeinschaftsgefühl.</span></b><span data-contrast="auto"> Die Kinder erleben, wie ihre Eltern Teil der Krippe sind – ein schönes Miteinander, das unsere MusiKäfer besonders macht. </span><span data-ccp-props="{&quot;134233117&quot;:false,&quot;134233118&quot;:false,&quot;201341983&quot;:0,&quot;335551550&quot;:6,&quot;335551620&quot;:6,&quot;335559738&quot;:0,&quot;335559739&quot;:120,&quot;335559740&quot;:240}"> </span></p>

<p>Wer wir sind und was wir tun Die Kinderkrippe MusiKäfer ist eine private, aus einem Elternverein entstandene Kinderkrippe und Mitglied im Dachverband für selbstorganisierte Kindergruppen Tirol.  Unser Verein wird von einem ehrenamtlichen Vorstand geleitet, der von den Eltern in der &hellip; <a href="https://musikaefer.kevas.at/?page_id=109">Weiterlesen <span class="meta-nav">&rarr;</span></a></p>
