{"id":116,"date":"2013-06-04T20:51:33","date_gmt":"2013-06-04T18:51:33","guid":{"rendered":"http:\/\/musikaefer.kevas.at\/?page_id=116"},"modified":"2023-10-17T20:08:36","modified_gmt":"2023-10-17T18:08:36","slug":"kosten","status":"publish","type":"page","link":"https:\/\/musikaefer.kevas.at\/?page_id=116","title":{"rendered":"Kosten f\u00fcr die Betreuung"},"content":{"rendered":"<p>Das geringstm\u00f6gliche Betreuungsausma\u00df betr\u00e4gt w\u00f6chentlich mindestens 2 halbe Tage und kann bis zu maximal 4 Ganztage + 1 Vormittag gew\u00e4hlt werden &#8211; abh\u00e4ngig von der Verf\u00fcgbarkeit.<\/p>\n<p>Die monatlichen Betreuungspreise betragen aktuell f\u00fcr:<\/p>\n<p><strong>1 Vormittag: \u20ac 70,- <\/strong>(7:30 Uhr bis 14:00 Uhr, inkl. Jause, Mittagstisch und Mittagsschlaf)<\/p>\n<p><strong>1 Nachmittag: \u20ac 35,-\u00a0<\/strong>(14:00 Uhr bis 17:00 Uhr, inkl. Jause)<\/p>\n<p><strong>1 Ganztag: \u20ac 92,-\u00a0<\/strong>(7:30 Uhr bis 17:00 Uhr, inkl. Jausen, Mittagstisch und Mittagsschlaf)<\/p>\n<p>Beispiel: Euer Kind besucht unsere Krippe jede Woche am Montag (ganzer Tag) und am Mittwoch (Vormittag). Ihr zahlt monatlich <span style=\"display: inline !important; float: none; background-color: transparent; color: #333333; cursor: text; font-family: 'Helvetica Neue',Helvetica,Arial,'Nimbus Sans L',sans-serif; font-size: 15px; font-style: normal; font-variant: normal; font-weight: 300; letter-spacing: normal; orphans: 2; text-align: left; text-decoration: none; text-indent: 0px; text-transform: none; -webkit-text-stroke-width: 0px; white-space: normal; word-spacing: 0px;\">insgesamt \u20ac 162,-;<br \/>\nbestehend aus <\/span>\u20ac 92,- (4 ganze Montage) und \u20ac 70,- (4 halbe Mittwoche).<\/p>\n<p>F\u00fcr Kinder, die ihren Hauptwohnsitz nicht in Innsbruck haben, wird ein Ausw\u00e4rtigen-Zuschlag verrechnet, da hier eine wichtige F\u00f6rderung der Stadt Innsbruck entf\u00e4llt.<\/p>\n<p>J\u00e4hrlicher <strong>Vereinsbeitrag<\/strong>: \u20ac 90,-<br \/>\nJ\u00e4hrlicher <strong>Versicherungsbeitrag<\/strong>: \u20ac 7,60<\/p>\n<p><strong>Reinigungskostenbeitrag: <\/strong>ca. \u20ac 55,- pro Semester<\/p>\n<p>Einmalige <strong>Kaution<\/strong>: \u20ac 200,-\u00a0(wird nach Austritt r\u00fcck\u00fcberwiesen)<\/p>\n<p>Die Betreuungskosten sind 12 Mal j\u00e4hrlich bis zum 5. jeden Monats im Voraus per <strong>Dauerauftrag<\/strong> auf das Krippenkonto zu \u00fcberweisen.<\/p>\n<p>Hier erhaltet ihr\u00a0<a href=\"http:\/\/www.tirol.gv.at\/gesellschaft-soziales\/familienreferat\/foerderungen\/kinderbetreuungszuschuss\/\">Informationen \u00fcber den Kinderbetreuungszuschuss<\/a>.<\/p>\n","protected":false},"excerpt":{"rendered":"<p>Das geringstm\u00f6gliche Betreuungsausma\u00df betr\u00e4gt w\u00f6chentlich mindestens 2 halbe Tage und kann bis zu maximal 4 Ganztage + 1 Vormittag gew\u00e4hlt werden &#8211; abh\u00e4ngig von der Verf\u00fcgbarkeit. Die monatlichen Betreuungspreise betragen aktuell f\u00fcr: 1 Vormittag: \u20ac 70,- (7:30 Uhr bis 14:00 &hellip; <a href=\"https:\/\/musikaefer.kevas.at\/?page_id=116\">Weiterlesen <span class=\"meta-nav\">&rarr;<\/span><\/a><\/p>\n","protected":false},"author":11,"featured_media":0,"parent":0,"menu_order":0,"comment_status":"closed","ping_status":"closed","template":"","meta":{"footnotes":""},"class_list":["post-116","page","type-page","status-publish","hentry"],"_links":{"self":[{"href":"https:\/\/musikaefer.kevas.at\/index.php?rest_route=\/wp\/v2\/pages\/116"}],"collection":[{"href":"https:\/\/musikaefer.kevas.at\/index.php?rest_route=\/wp\/v2\/pages"}],"about":[{"href":"https:\/\/musikaefer.kevas.at\/index.php?rest_route=\/wp\/v2\/types\/page"}],"author":[{"embeddable":true,"href":"https:\/\/musikaefer.kevas.at\/index.php?rest_route=\/wp\/v2\/users\/11"}],"replies":[{"embeddable":true,"href":"https:\/\/musikaefer.kevas.at\/index.php?rest_route=%2Fwp%2Fv2%2Fcomments&post=116"}],"version-history":[{"count":40,"href":"https:\/\/musikaefer.kevas.at\/index.php?rest_route=\/wp\/v2\/pages\/116\/revisions"}],"predecessor-version":[{"id":2015,"href":"https:\/\/musikaefer.kevas.at\/index.php?rest_route=\/wp\/v2\/pages\/116\/revisions\/2015"}],"wp:attachment":[{"href":"https:\/\/musikaefer.kevas.at\/index.php?rest_route=%2Fwp%2Fv2%2Fmedia&parent=116"}],"curies":[{"name":"wp","href":"https:\/\/api.w.org\/{rel}","templated":true}]}}

Kosten für die Betreuung

<p>Das geringstmögliche Betreuungsausmaß beträgt wöchentlich mindestens 2 halbe Tage und kann bis zu maximal 4 Ganztage + 1 Vormittag gewählt werden &#8211; abhängig von der Verfügbarkeit.</p>
<p>Die monatlichen Betreuungspreise betragen aktuell für:</p>
<p><strong>1 Vormittag: € 70,- </strong>(7:30 Uhr bis 14:00 Uhr, inkl. Jause, Mittagstisch und Mittagsschlaf)</p>
<p><strong>1 Nachmittag: € 35,- </strong>(14:00 Uhr bis 17:00 Uhr, inkl. Jause)</p>
<p><strong>1 Ganztag: € 92,- </strong>(7:30 Uhr bis 17:00 Uhr, inkl. Jausen, Mittagstisch und Mittagsschlaf)</p>
<p>Beispiel: Euer Kind besucht unsere Krippe jede Woche am Montag (ganzer Tag) und am Mittwoch (Vormittag). Ihr zahlt monatlich <span style="display: inline !important; float: none; background-color: transparent; color: #333333; cursor: text; font-family: 'Helvetica Neue',Helvetica,Arial,'Nimbus Sans L',sans-serif; font-size: 15px; font-style: normal; font-variant: normal; font-weight: 300; letter-spacing: normal; orphans: 2; text-align: left; text-decoration: none; text-indent: 0px; text-transform: none; -webkit-text-stroke-width: 0px; white-space: normal; word-spacing: 0px;">insgesamt € 162,-;<br />
bestehend aus </span>€ 92,- (4 ganze Montage) und € 70,- (4 halbe Mittwoche).</p>
<p>Für Kinder, die ihren Hauptwohnsitz nicht in Innsbruck haben, wird ein Auswärtigen-Zuschlag verrechnet, da hier eine wichtige Förderung der Stadt Innsbruck entfällt.</p>
<p>Jährlicher <strong>Vereinsbeitrag</strong>: € 90,-<br />
Jährlicher <strong>Versicherungsbeitrag</strong>: € 7,60</p>
<p><strong>Reinigungskostenbeitrag: </strong>ca. € 55,- pro Semester</p>
<p>Einmalige <strong>Kaution</strong>: € 200,- (wird nach Austritt rücküberwiesen)</p>
<p>Die Betreuungskosten sind 12 Mal jährlich bis zum 5. jeden Monats im Voraus per <strong>Dauerauftrag</strong> auf das Krippenkonto zu überweisen.</p>
<p>Hier erhaltet ihr <a href="http://www.tirol.gv.at/gesellschaft-soziales/familienreferat/foerderungen/kinderbetreuungszuschuss/">Informationen über den Kinderbetreuungszuschuss</a>.</p>

<p>Das geringstmögliche Betreuungsausmaß beträgt wöchentlich mindestens 2 halbe Tage und kann bis zu maximal 4 Ganztage + 1 Vormittag gewählt werden &#8211; abhängig von der Verfügbarkeit. Die monatlichen Betreuungspreise betragen aktuell für: 1 Vormittag: € 70,- (7:30 Uhr bis 14:00 &hellip; <a href="https://musikaefer.kevas.at/?page_id=116">Weiterlesen <span class="meta-nav">&rarr;</span></a></p>
