{"id":652,"date":"2015-09-21T21:53:11","date_gmt":"2015-09-21T19:53:11","guid":{"rendered":"http:\/\/musikaefer.kevas.at\/?page_id=652"},"modified":"2018-05-22T12:25:05","modified_gmt":"2018-05-22T10:25:05","slug":"652-2","status":"publish","type":"page","link":"https:\/\/musikaefer.kevas.at\/?page_id=652","title":{"rendered":"Elisabeth Natz"},"content":{"rendered":"<p><a href=\"http:\/\/musikaefer.kevas.at\/wp-content\/uploads\/2017\/11\/ElisabethNatz.jpg\"><img loading=\"lazy\" decoding=\"async\" class=\"alignnone size-medium wp-image-597 aligncenter\" alt=\"Elisabeth Natz\" src=\"http:\/\/musikaefer.kevas.at\/wp-content\/uploads\/2017\/11\/ElisabethNatz.jpg\" width=\"200\" height=\"300\" \/><\/a><\/p>\n<p align=\"center\"><strong>Elisabeth Natz<\/strong><br \/>\n<strong>P\u00e4dagogische Fachkraft und Leiterin der Kinderkrippe MusiK\u00e4fer<\/strong><\/p>\n<p style=\"text-align: justify;\">&#8222;Mit der Begleitung von 1,5 bis 3-J\u00e4hrigen habe ich meine Berufung gefunden. Ein Kind in diesem Alter bei seiner Entwicklung in seinem Tempo zu beobachten, ist aufregend, spannend &#8211; einfach sch\u00f6n. Unsere wichtigste Aufgabe, mit dem Kind in Beziehung zu treten, macht mir gro\u00dfe Freude.<br \/>\nDer wertsch\u00e4tzende Umgang mit den Kindern, dem Team und den Eltern ist mir ein gro\u00dfes Anliegen. Ich m\u00f6chte, dass alle Kinder und Teammitglieder einen Platz zum Wohlf\u00fchlen in unserer Einrichtung finden.<br \/>\nWir wollen ein gutes Lernfeld schaffen &#8211; eine Umgebung vorbereiten &#8211; um das Lernen der Kinder zu unterst\u00fctzen. Tagt\u00e4glich begleiten wir die Kinder in ihrer Neugierde, Kreativit\u00e4t und Spontanit\u00e4t.&#8220;<\/p>\n","protected":false},"excerpt":{"rendered":"<p>Elisabeth Natz P\u00e4dagogische Fachkraft und Leiterin der Kinderkrippe MusiK\u00e4fer &#8222;Mit der Begleitung von 1,5 bis 3-J\u00e4hrigen habe ich meine Berufung gefunden. Ein Kind in diesem Alter bei seiner Entwicklung in seinem Tempo zu beobachten, ist aufregend, spannend &#8211; einfach sch\u00f6n. &hellip; <a href=\"https:\/\/musikaefer.kevas.at\/?page_id=652\">Weiterlesen <span class=\"meta-nav\">&rarr;<\/span><\/a><\/p>\n","protected":false},"author":11,"featured_media":0,"parent":0,"menu_order":0,"comment_status":"closed","ping_status":"closed","template":"","meta":{"footnotes":""},"class_list":["post-652","page","type-page","status-publish","hentry"],"_links":{"self":[{"href":"https:\/\/musikaefer.kevas.at\/index.php?rest_route=\/wp\/v2\/pages\/652"}],"collection":[{"href":"https:\/\/musikaefer.kevas.at\/index.php?rest_route=\/wp\/v2\/pages"}],"about":[{"href":"https:\/\/musikaefer.kevas.at\/index.php?rest_route=\/wp\/v2\/types\/page"}],"author":[{"embeddable":true,"href":"https:\/\/musikaefer.kevas.at\/index.php?rest_route=\/wp\/v2\/users\/11"}],"replies":[{"embeddable":true,"href":"https:\/\/musikaefer.kevas.at\/index.php?rest_route=%2Fwp%2Fv2%2Fcomments&post=652"}],"version-history":[{"count":12,"href":"https:\/\/musikaefer.kevas.at\/index.php?rest_route=\/wp\/v2\/pages\/652\/revisions"}],"predecessor-version":[{"id":1496,"href":"https:\/\/musikaefer.kevas.at\/index.php?rest_route=\/wp\/v2\/pages\/652\/revisions\/1496"}],"wp:attachment":[{"href":"https:\/\/musikaefer.kevas.at\/index.php?rest_route=%2Fwp%2Fv2%2Fmedia&parent=652"}],"curies":[{"name":"wp","href":"https:\/\/api.w.org\/{rel}","templated":true}]}}

<p><a href="http://musikaefer.kevas.at/wp-content/uploads/2017/11/ElisabethNatz.jpg"><img loading="lazy" decoding="async" class="alignnone size-medium wp-image-597 aligncenter" alt="Elisabeth Natz" src="http://musikaefer.kevas.at/wp-content/uploads/2017/11/ElisabethNatz.jpg" width="200" height="300" /></a></p>
<p align="center"><strong>Elisabeth Natz</strong><br />
<strong>Pädagogische Fachkraft und Leiterin der Kinderkrippe MusiKäfer</strong></p>
<p style="text-align: justify;">&#8222;Mit der Begleitung von 1,5 bis 3-Jährigen habe ich meine Berufung gefunden. Ein Kind in diesem Alter bei seiner Entwicklung in seinem Tempo zu beobachten, ist aufregend, spannend &#8211; einfach schön. Unsere wichtigste Aufgabe, mit dem Kind in Beziehung zu treten, macht mir große Freude.<br />
Der wertschätzende Umgang mit den Kindern, dem Team und den Eltern ist mir ein großes Anliegen. Ich möchte, dass alle Kinder und Teammitglieder einen Platz zum Wohlfühlen in unserer Einrichtung finden.<br />
Wir wollen ein gutes Lernfeld schaffen &#8211; eine Umgebung vorbereiten &#8211; um das Lernen der Kinder zu unterstützen. Tagtäglich begleiten wir die Kinder in ihrer Neugierde, Kreativität und Spontanität.&#8220;</p>

<p>Elisabeth Natz Pädagogische Fachkraft und Leiterin der Kinderkrippe MusiKäfer &#8222;Mit der Begleitung von 1,5 bis 3-Jährigen habe ich meine Berufung gefunden. Ein Kind in diesem Alter bei seiner Entwicklung in seinem Tempo zu beobachten, ist aufregend, spannend &#8211; einfach schön. &hellip; <a href="https://musikaefer.kevas.at/?page_id=652">Weiterlesen <span class="meta-nav">&rarr;</span></a></p>
